.
0
Let r(p) = p**3 + 13*p**2 + 8*p. What is r(-13)?
-104
Let z(b) = -8*b + 6. Determine z(5).
-34
Let t(h) = -h**2 + 27*h - 25. Determine t(26).
1
Let p(j) = j**3 - 2*j**2 - j + 3. Give p(-3).
-39
Let z(c) = -c**3 - 17*c**2 - 64*c + 1. Give z(-11).
-21
Let w(t) = t**3 - 24*t**2 + 44*t + 57. What is w(22)?
57
Let l(o) = -o**3 - 8*o**2 - 15*o - 53. What is l(-7)?
3
Let r(y) = y**2 - 196*y - 3163. Determine r(-15).
2
Let c(i) = -i**2 - 4*i + 12. Determine c(-5).
7
Let g(u) = -u**3 - 4*u**2 - 5*u - 1. Give g(-4).
19
Let u(i) = -i**3 - 5*i**2 + 3*i - 6. Determine u(-6).
12
Let n(g) = g**2 - g - 1. Determine n(0).
-1
Let k(s) = -s**3 - 8*s**2 - 4*s + 16. Determine k(-7).
-5
Let o(h) = 4*h**2 - 8*h + 2. Determine o(1).
-2
Let v(l) = -2*l + 15. Determine v(7).
1
Let h(d) = -d**3 - 28*d**2 - 23*d + 51. Calculate h(-27).
-57
Let b(p) = 58*p + 545. Calculate b(-9).
23
Let a(j) = -j**3 + 5*j**2 + 34*j - 130. What is a(7)?
10
Let f(v) = v + 8. Give f(-7).
1
Let a(i) = i**3 + 24*i**2 + 21*i - 49. Calculate a(-23).
-3
Let k(h) = h**2 + 26*h - 97. Calculate k(-30).
23
Let f(p) = p - 19. Give f(15).
-4
Let o(t) = -t**3 + 27*t**2 - 28*t + 9. Calculate o(26).
-43
Let h(x) = x**2 - 12*x + 16. Calculate h(12).
16
Let l(q) = -q - 16. Calculate l(7).
-23
Let j(g) = -g**3 + 11*g**2 + 11*g + 16. What is j(12)?
4
Let n(w) = -w**2 + 2*w + 4. Calculate n(-1).
1
Let l(i) = -i**3 + 25*i**2 - 21*i - 59. What is l(24)?
13
Let k(h) = -h**2. Give k(-5).
-25
Let m(b) = -5*b - 23. What is m(-2)?
-13
Let x(s) = s**3 + 18*s**2 + 16*s - 24. Give x(-17).
-7
Let p(u) = -u**3 + 9*u**2 + 8*u + 16. Calculate p(10).
-4
Let f(c) = -c**2 - 6*c + 66. Determine f(-9).
39
Let j(m) = -5*m + 22. Determine j(4).
2
Let r(s) = s**3 + 20*s**2 + s + 20. Give r(-20).
0
Let r(d) = -5*d**2 - 6*d - 3. Give r(-4).
-59
Let n(k) = -2*k**2 - 2*k. Determine n(3).
-24
Let g(s) = -3*s**3 + s**2 + 4*s - 5. Determine g(2).
-17
Let f(d) = -d**3 + 6*d**2 + 7*d - 86. Give f(6).
-44
Let q(n) = -n**2 + n + 1. Determine q(3).
-5
Let s(p) = -3*p**3 - 10*p**2 + p - 5. What is s(-4)?
23
Let f(v) = v**3 + 25*v**2 + 26*v + 46. Give f(-24).
-2
Let v(u) = -4*u**3 + 4*u**2 - 3*u + 1. What is v(2)?
-21
Let l(z) = 2*z**3 + 7*z**2 - 5*z - 5. What is l(-4)?
-1
Let g(h) = 4*h + 92. Give g(-22).
4
Let b(f) = f**3 + 2*f**2 - 4*f - 1. Give b(-3).
2
Let p(b) = 2*b**3 + 2*b**2 - 4*b - 7. Determine p(3).
53
Let s(i) = -12*i - 1. What is s(-1)?
11
Let r(i) = 5*i + 31. Give r(-3).
16
Let t(o) = o**3 + 6*o**2 - 2*o - 10. Give t(-6).
2
Let a(d) = 139*d - 4. Calculate a(1).
135
Let f(h) = h**3 - 11*h**2 + 3*h - 37. Determine f(11).
-4
Let g(q) = -2*q - 7. What is g(-13)?
19
Let k(v) = -21*v + 164. What is k(8)?
-4
Let i(g) = 2*g**3 + 2*g**2 + 3*g + 2. What is i(-1)?
-1
Let b(r) = -r - 11. Calculate b(-12).
1
Let p(r) = -3*r - 25. Give p(0).
-25
Let p(v) = v**3 + 12*v**2 + 9*v + 6. Determine p(-11).
28
Let a(x) = -x**2 + 30*x - 124. Determine a(26).
-20
Let n(u) = -u**2 - 14*u - 31. What is n(-12)?
-7
Let d(m) = -29*m. Determine d(3).
-87
Let h(c) = 12*c**2 - 1. Calculate h(-1).
11
Let r(s) = 3*s - 110. What is r(38)?
4
Let s(j) = j**3 + 7*j**2 - 10*j + 25. Calculate s(-9).
-47
Let b(f) = -f**2 - 22*f - 106. What is b(-8)?
6
Let r(s) = 3*s**2 + 20*s - 7. Determine r(-7).
0
Let y(t) = 3*t - 8. Give y(5).
7
Let w(v) = v**3 + v**2 + 4*v - 3. Calculate w(2).
17
Let n(f) = f + 14. What is n(-7)?
7
Let h(d) = -d**3 - d**2 + 2*d - 162. What is h(0)?
-162
Let h(k) = 7*k - 124. Calculate h(24).
44
Let r(u) = -48*u**3 - 1. Give r(1).
-49
Let t(i) = -i**3 + 6*i**2 + 9*i - 38. What is t(7)?
-24
Let a(y) = -19*y**2 + 1. What is a(-1)?
-18
Let n(b) = -b**3 + 11*b**2 + 15*b - 33. Calculate n(12).
3
Let b(l) = -l**3 - 5*l**2 - 2*l. What is b(-5)?
10
Let k(h) = -2*h**2. Give k(-2).
-8
Let p(x) = x**3 + x**2 - 29*x - 11. Determine p(5).
-6
Let i(j) = j**2 + 2*j - 12. Calculate i(-5).
3
Let w(y) = 5*y + 114. Give w(-22).
4
Let h(s) = 7*s - 10. Determine h(-5).
-45
Let w(z) = 2*z - 22. What is w(10)?
-2
Let f(m) = -4*m - 11. Give f(-5).
9
Let d(g) = -3*g + 48. Give d(9).
21
Let t(n) = -2*n**2 - 16*n - 31. What is t(-7)?
-17
Let q(n) = -n**3 - n**2 + 2*n + 1. What is q(-2)?
1
Let w(i) = 3*i**3 - 2*i**2 + 3*i + 4. Give w(-2).
-34
Let l(g) = 3*g - 2. What is l(-4)?
-14
Let m(f) = -f**3 + 3*f**2 + 2*f + 38. Give m(5).
-2
Let k(j) = j**2 + 9*j + 36. Give k(-5).
16
Let c(d) = d**3 - 10*d**2 + 29*d. Determine c(7).
56
Let t(u) = -u + 10. Determine t(14).
-4
Let w(a) = 9*a**3. Determine w(-1).
-9
Let h(m) = 2*m**3 + 10*m**2 - 28*m + 6. Give h(-7).
6
Let a(l) = -l**2 - 143. What is a(0)?
-143
Let h(c) = c**3 + 7*c**2 - 14*c - 20. What is h(-8)?
28
Let l(j) = j**3 + 5*j**2 + 3*j - 3. What is l(-5)?
-18
Let t(k) = k**3 - 3*k**2 + 5*k - 8. What is t(3)?
7
Let h(w) = -21*w - 160. Determine h(-9).
29
Let l(g) = 3*g + 4. Determine l(0).
4
Let v(q) = 12*q + 38. Calculate v(-4).
-10
Let y(g) = g - 25. What is y(8)?
-17
Let w(n) = -n**3 - 4*n**2 + 3*n - 13. What is w(-5)?
-3
Let t(f) = -f**3 - 3*f**2 + 5. Calculate t(-4).
21
Let q(z) = 2*z**2 - z + 3. Calculate q(2).
9
Let o(v) = v**3 + 11*v**2 + 4*v + 50. Determine o(-11).
6
Let k(o) = -4*o - 38. Determine k(-8).
-6
Let k(b) = b**3 - 6*b**2 - 9*b + 23. Give k(7).
9
Let b(j) = -j**2 + 6*j + 7. Calculate b(7).
0
Let z(x) = 3*x**2 + x. What is z(1)?
4
Let z(p) = p**2 - 9*p + 14. What is z(8)?
6
Let d(c) = -c + 18. Give d(19).
-1
Let y(n) = -24*n + 50. Calculate y(4).
-46
Let q(i) = 2*i + 3. Determine q(4).
11
Let z(q) = 6*q + 55. Calculate z(-9).
1
Let c(b) = b**2 - 20*b - 193. Give c(28).
31
Let y(a) = -a**3 - 7*a**2 - 7*a + 8. Give y(-6).
14
Let j(m) = m + 1. Give j(1).
2
Let b(m) = -2*m**3 + 14*m**2 - 9*m - 12. What is b(6)?
6
Let v(h) = -h**3 - 12*h**2 - 9. Give v(-12).
-9
Let b(t) = -t**2 - t + 6. Give b(-6).
-24
Let m(u) = -u**3 - 7*u**2 + 9*u + 9. What is m(-7)?
-54
Let c(h) = -h**2 + 6*h - 4. Give c(3).
5
Let a(w) = w**2 - 11*w - 5. Give a(13).
21
Let i(l) = -l**3 - 4*l**2 - 4*l - 4. Determine i(-3).
-1
Let t(r) = -2*r + 2. Calculate t(-7).
16
Let t(a) = a**3 - 44*a**2 + 41*a + 64. What is t(43)?
-22
Let w(z) = -2*z**2 + z + 4. Determine w(2).
-2
Let b(y) = y**2 - 2*y + 2. Calculate b(2).
2
Let x(w) = -5*w + 114. What is x(20)?
14
Let y(k) = -7*k**2 - 40*k - 13. Determine y(-5).
12
Let w(f) = 3*f**2 + 4*f + 3. What is w(-2)?
7
Let j(q) = 2*q - 28. What is j(16)?
4
Let c(t) = t**2 + 24*t - 424. Give c(-36).
8
Let n(s) = -3*s + 2. Determine n(4).
-10
Let w(t) = -t**2 - 6*t + 24. What is w(-8)?
8
Let u(k) = -22*k - 28. Calculate u(4).
-116
Let a(o) = 3*o + 27. Calculate a(-7).
6
Let v(y) = y**3 - 20*y**2 + 20*y - 13. Calculate v(19).
6
Let j(l) = -7*l**2 - 6*l + 8. Determine j(-4).
-80
Let q(y) = 7*y**3 - y - 1. Determine q(1).
5
Let s(z) = 3*z**3 - 3*z**2 + z - 10. Give s(2).
4
Let i(o) = 5*o**3 - o**2 + 3*o - 4. Give i(2).
38
Let h(g) = -3*g - 20. Give h(5).
-35
Let o(s) = s**3 + 3*s**2 + 3*s - 4. Determine o(-4).
-32
Let h(l) = -l**3 + 21*l**2 + 48*l - 25. Determine h(23).
21
Let c(t) = -t**3 + 6*t**2 + 4. Determine c(7).
-45
Let a(t) = -15*t**2 - t - 1. Determine a(-1).
-15
Let a(h) = h**2 - 10*h + 13. Calculate a(6).
-11
Let k(d) = -13*d - 171. Calculate k(-13).
-2
Let f(g) = -31*g + 1. What is f(1)?
-30
Let i(j) = 35*j**2 - 104*j - 1. Calculate i(3).
2
Let g(r) = 3*r + 50. Calculate g(-11).
17
Let b(g) = -g**3 - 5*g**2 + g + 4. What is b(-5)?
-1
Let w(u) = 5*u - 56. Give w(9).
-11
Let h(b) = 12*b + 81. Calculate h(-9).
-27
Let q(y) = y + 9. What is q(-16)?
-7
Let s(z) = 3*z**3 + z**2 - 4*z + 2. Calculate s(2).
22
Let o(w) = -33*w - 23. Give o(-5).
142
Let c(v) = -13*v - 3. What is c(1)?
-16
Let g(l) = -12*l**2 + 4*l. What is g(-2)?
-56
Let b(u) = u**3 + u**2 - 4*u + 2. What is b(-3)?
-4
Let t(d) = -d**3 + 9*d**2 - 4*d + 35. Determine t(9).
-1
Let r(j) = -24*j - 25. Calculate r(-2).
23
Let a(j) = -3*j**2 - 2*j - 3. Determine a(3).
-36
Let f(q) = q**3 - 9*q**2 + 5*q + 25. Give f(8).
1
Let j(l) = l - 7. Determine j(8).
1
Let d(p) = p**3 - 19*p**2 + 17*p + 5. What is d(18)?
-13
Let t(i) = 10*i**3 - 3*i**2 + 3*i - 2. Determine t(2).
72
Let h(g) = -g**2 + g. Give h(2).
-2
Let r(x) = x**2 + 9*x - 3. Give r(-6).
-21
Let k(z) = -4*z - 152. Give k(-39).
4
Let w(o) = o**2 - 4*o - 5. What is w(4)?
-5
Let a(h) = 2*h**3 - 17*h**